the hundred thousands digit of 1761553?
7
What is the thousands digit of 6630255?
0
What is the hundreds digit of 247291?
2
What is the thousands digit of 3646664?
6
What is the hundreds digit of 80041?
0
What is the tens digit of 274381?
8
What is the units digit of 1913693?
3
What is the units digit of 537020?
0
What is the ten thousands digit of 397537?
9
What is the hundred thousands digit of 6770642?
7
What is the ten thousands digit of 210283?
1
What is the hundred thousands digit of 263491?
2
What is the tens digit of 515205?
0
What is the units digit of 838764?
4
What is the hundreds digit of 774253?
2
What is the thousands digit of 198573?
8
What is the hundreds digit of 2095270?
2
What is the units digit of 726723?
3
What is the ten millions digit of 20235477?
2
What is the hundreds digit of 11146206?
2
What is the units digit of 2637240?
0
What is the ten thousands digit of 161376?
6
What is the hundreds digit of 12532480?
4
What is the hundreds digit of 11609125?
1
What is the units digit of 8851197?
7
What is the tens digit of 206900?
0
What is the ten thousands digit of 34613?
3
What is the units digit of 3263684?
4
What is the thousands digit of 1621779?
1
What is the ten thousands digit of 184317?
8
What is the hundreds digit of 382848?
8
What is the ten thousands digit of 2899984?
9
What is the hundred thousands digit of 3383892?
3
What is the hundreds digit of 170662?
6
What is the ten thousands digit of 255951?
5
What is the hundred thousands digit of 14903435?
9
What is the thousands digit of 328520?
8
What is the thousands digit of 527930?
7
What is the units digit of 33245?
5
What is the hundred thousands digit of 207441?
2
What is the hundreds digit of 643920?
9
What is the units digit of 1970691?
1
What is the thousands digit of 23538909?
8
What is the thousands digit of 9347120?
7
What is the hundreds digit of 450207?
2
What is the ten thousands digit of 1214906?
1
What is the units digit of 18958279?
9
What is the hundred thousands digit of 300863?
3
What is the tens digit of 418290?
9
What is the ten thousands digit of 934029?
3
What is the ten thousands digit of 6654161?
5
What is the ten thousands digit of 65724?
6
What is the hundreds digit of 892372?
3
What is the hundred thousands digit of 284053?
2
What is the millions digit of 4460983?
4
What is the ten millions digit of 11549055?
1
What is the hundreds digit of 3145125?
1
What is the hundreds digit of 29630?
6
What is the ten thousands digit of 273888?
7
What is the hundred thousands digit of 6995276?
9
What is the units digit of 22464?
4
What is the hundred thousands digit of 103071?
1
What is the thousands digit of 2434648?
4
What is the tens digit of 9525635?
3
What is the thousands digit of 17941901?
1
What is the hundreds digit of 60963?
9
What is the millions digit of 1154000?
1
What is the units digit of 10401833?
3
What is the tens digit of 7943?
4
What is the thousands digit of 269855?
9
What is the hundreds digit of 180664?
6
What is the thousands digit of 68136?
8
What is the hundreds digit of 1159697?
6
What is the hundred thousands digit of 5696172?
6
What is the ten millions digit of 17381102?
1
What is the thousands digit of 1339275?
9
What is the ten thousands digit of 3971552?
7
What is the thousands digit of 3538?
3
What is the hundreds digit of 273578?
5
What is the units digit of 1368527?
7
What is the millions digit of 3770192?
3
What is the hundred thousands digit of 683260?
6
What is the ten thousands digit of 2022271?
2
What is the thousands digit of 814617?
4
What is the thousands digit of 574387?
4
What is the ten thousands digit of 3168055?
6
What is the units digit of 6256858?
8
What is the units digit of 4631207?
7
What is the tens digit of 152965?
6
What is the tens digit of 1488757?
5
What is the units digit of 1321932?
2
What is the hundred thousands digit of 1954045?
9
What is the hundred thousands digit of 217600?
2
What is the thousands digit of 97943?
7
What is the thousands digit of 2839097?
9
What is the ten thousands digit of 1246655?
4
What is the hundreds digit of 145006?
0
What is the hundred thousands digit of 1444947?
4
What is the hundreds digit of 4030515?
5
What is the units digit of 16578378?
8
What is the thousands digit of 2372119?
2
What is the units digit of 434169?
9
What is the units digit of 7757067?
7
What is the tens digit of 415637?
3
What is the hundreds digit of 3580315?
3
What is the units digit of 3483273?
3
What is the hundred thousands digit of 3589664?
5
What is the hundreds digit of 181069?
0
What is the hundreds digit of 10075?
0
What is the thousands digit of 1334975?
4
What is the units digit of 3039694?
4
What is the tens digit of 7957629?
2
What is the ten thousands digit of 101492?
0
What is the thousands digit of 259361?
9
What is the thousands digit of 2173344?
3
What is the tens digit of 5416261?
6
What is the hundred thousands digit of 7118869?
1
What is the millions digit of 28580413?
8
What is the units digit of 2220602?
2
What is the hundreds digit of 79631?
6
What is the units digit of 128013?
3
What is the tens digit of 443220?
2
What is the ten thousands digit of 4950112?
5
What is the units digit of 938228?
8
What is the hundreds digit of 111887?
8
What is the units digit of 83476?
6
What is the tens digit of 1725176?
7
What is the ten thousands digit of 308298?
0
What is the hundred thousands digit of 4789347?
7
What is the tens digit of 2383852?
5
What is the units digit of 1834611?
1
What is the millions digit of 5152774?
5
What is the ten thousands digit of 953808?
5
What is the ten millions digit of 28503420?
2
What is the tens digit of 61907?
0
What is the ten thousands digit of 291908?
9
What is the hundred thousands digit of 586164?
5
What is the units digit of 4610328?
8
What is the hundreds digit of 508462?
4
What is the hundred thousands digit of 437484?
4
What is the thousands digit of 2770067?
0
What is the thousands digit of 201398?
1
What is the hundred thousands digit of 670833?
6
What is the units digit of 1251479?
9
What is the millions digit of 3934499?
3
What is the ten thousands digit of 92344?
9
What is the tens digit of 172231?
3
What is the ten thousands digit of 2304623?
0
What is the units digit of 1955446?
6
What is the ten thousands digit of 1476966?
7
What is the units digit of 2211659?
9
What is the hundred thousands digit of 650315?
6
What is the thousands digit of 5180584?
0
What is the hundred thousands digit of 618429?
6
What is the tens digit of 1444930?
3
What is the hundreds digit of 496562?
5
What is the ten thousands digit of 966424?
6
What is the hundreds digit of 4034936?
9
What is the hundreds digit of 5303975?
9
What is the units digit of 154777?
7
What is the thousands digit of 2647568?
7
What is the units digit of 466271?
1
What is the hundred thousands digit of 368471?
3
What is the ten thousands digit of 422282?
2
What is the millions digit of 7851996?
7
What is the hundred thousands digit of 2223887?
2
What is the millions digit of 1231649?
1
What is the thousands digit of 18232215?
2
What is the thousands digit of 1173095?
3
What is the thousands digit of 2742154?
2
What is the hundred thousands digit of 30449165?
4
What is the hundreds digit of 6129491?
4
What is the thousands digit of 494016?
4
What is the hundred thousands digit of 381518?
3
What is the tens digit of 265872?
7
What is the tens digit of 10980127?
2
What is the thousands digit of 213840?
3
What is the hundreds digit of 2766595?
5
What is the ten thousands digit of 6302815?
0
What is the thousands digit of 16181299?
1
What is the thousands digit of 3934001?
4
What is the tens digit of 2548765?
6
What is the tens digit of 182176?
7
What is the hundreds digit of 1070209?
2
What is the tens digit of 1555379?
7
What is the hundreds digit of 80768?
7
What is the ten thousands digit of 71985?
7
What is the hundred thousands digit of 465883?
4
What is the thousands digit of 92279?
2
What is the hundreds digit of 175490?
4
What is the hundred thousands digit of 525894?
5
What is the millions digit of 2346856?
2
What is the tens digit of 1104383?
8
What is the tens digit of 1404766?
6
What is the hundred thousands digit of 675744?
6
What is the ten thousands digit of